 w - 1. Let j be p(2). Let a = 7 - j. Let x(k) = -3*k**2 - k + 2. Give x(a).
-8
Let d be ((-25)/10 + 3 - 0)*-2. Let o(y) be the second derivative of y**3/3 - y**2/2 + 9*y. Determine o(d).
-3
Let s(z) be the first derivative of z**3/3 - z**2 + 2*z + 28. Suppose -2*q + 0*q - 2*x = -2, -7 = -5*q - 3*x. Let n = q - 0. Give s(n).
2
Suppose 0 = -5*a + 39 - 9. Suppose 11*m - 20 = a*m. Suppose 5*v + 0*v = -m*s - 9, 5*s - 15 = -v. Let j(z) = 3*z - 4. Determine j(s).
8
Suppose 2*y + 18 = 4*m, -y - 12*m + 21 = -8*m. Let k(g) be the first derivative of -1/4*g**4 - y - 2*g - 1/2*g**2 - 5/3*g**3. Determine k(-5).
3
Let v(i) = 9*i - 14. Let q(x) = 4*x - 7. Let k(p) = 7*q(p) - 3*v(p). Let l be (-11)/(-3) + 2/(-3). Suppose l = 5*j - 22. Determine k(j).
-2
Let s(b) be the second derivative of b**5/120 - b**4/24 + 4*b**3/3 - 5*b. Let r(k) be the second derivative of s(k). Let h be (-1 + -1)*9/6. Determine r(h).
-4
Suppose -h - 3*a = -15, a + 21 = h + 2*a. Let s(g) = 9*g + 27. Let v be s(-3). Let i be h/4 + (v - 3). Let j(w) = -w**3 + 4*w**2 - 2*w + 2. Determine j(i).
5
Let g(y) = 12*y. Let s = -26 + 25. Let i(b) = -b. Let l(q) = s*g(q) - 8*i(q). What is l(1)?
-4
Let u(j) = -6 - j**2 - 12*j - 14*j + 52*j - 18*j. What is u(7)?
1
Let b(m) = -m + 25. Let o(n) = 2*n - 50. Let s(c) = -5*b(c) - 3*o(c). Calculate s(20).
5
Let z(q) = 2*q**3 - q**3 - 1 + 0*q + 5*q + 6*q**2. Let y = 10 + -6. Suppose -3*i - y*o = 35, -o + 0 = 2*i + 15. What is z(i)?
-1
Let z(t) = t - 13 - 4 + 16. Calculate z(-9).
-10
Let z(q) = -7*q + 4. Let r(t) = 10 - 17*t - t - 1 + 3*t. Let h(p) = 6*r(p) - 13*z(p). Suppose 2*n - n = -3. Calculate h(n).
-1
Let n(c) = 7 + c**2 + c**3 - 5*c - c**2 + 5*c**2. Let q be ((-6)/(-15))/(7/(-105)). Give n(q).
1
Let s(d) be the third derivative of -1/6*d**4 - 1/60*d**5 + 12*d**2 + 0*d - 1/3*d**3 + 0. Let z(w) = -w**3 - 4*w**2 + 5*w - 5. Let x be z(-5). Calculate s(x).
-7
Let t(i) = 4*i - 25. Let p be t(7). Let g(v) = 0 + 7*v**p + 6 - 5 - 2*v. Determine g(1).
6
Let q(s) = 2*s**3 + 4*s**2 - 3*s - 7. Let k(f) be the first derivative of 3*f**4/2 + 4*f**3 - 4*f**2 - 20*f + 10. Let z(t) = -5*k(t) + 14*q(t). Give z(-2).
6
Let f(y) = 4*y**2 - 3*y. Let w be (560/52)/5 - (-12)/(-78). Give f(w).
10
Let j(f) = -1 - f**2 + 2*f - 2*f - 2*f. Suppose -3*o + z = 7, -2*z + 70 = 2*o + 72. Calculate j(o).
-1
Let w(x) = -7*x**2 - 4*x + 2*x + 2*x**2 + 2 + 6*x**2. Calculate w(-3).
17
Suppose -o = -2*o + k + 29, -o + 41 = -4*k. Suppose 30*j = o*j. Suppose j*d = 5*d - 30. Let v(n) = n**2 - 4*n - 8. Calculate v(d).
4
Let z be (0 - -2)/(1/(-9)). Let r = 19 + z. Let b(p) = -2 - 2*p + 7 + r + 3. Determine b(6).
-3
Let i(z) be the second derivative of z**3/2 - 3*z**2 + 4*z - 13. Calculate i(6).
12
Let u(i) be the first derivative of -3*i**4/4 + i**3 + i**2/2 - i + 453. Determine u(-2).
33
Let i(j) be the third derivative of -7*j**2 - 7/6*j**3 + 0*j + 0 + 1/8*j**4. Determine i(6).
11
Let a(b) = -3 + 4*b**2 - 9*b**2 + 4*b**2 + 6*b + 0*b**2. Suppose 5*k - 26 = -61. Let d be (48/28)/((-2)/k). Calculate a(d).
-3
Let j(k) = 3*k**2 - 3*k. Let u = -19 - 1. Let a(t) = -t - 18. Let m be a(u). Calculate j(m).
6
Let c(o) = -4*o - 2. Let f(v) = -11*v - 5. Let j(t) = 8*c(t) - 3*f(t). Suppose 5*i + 25 = -5*l, 4 = -4*i - 0*i. Let r be l/3 - 6/9. Give j(r).
-3
Let r(x) = 12*x**2 - 2*x + 1. Let l(y) be the first derivative of -y**4/4 + 4*y**3/3 - 3*y**2/2 + y + 1. Suppose -2 + 17 = 5*v. Let i be l(v). Give r(i).
11
Suppose 21*i - 39 = 24. Let p(v) = 2*v**2 + 2*v - 5. Give p(i).
19
Let p(y) = -3*y - 2 + 2 + 2*y. Let s = 181 + -173. What is p(s)?
-8
Let f be (1/(-6))/(22/(-88)). Let h(m) be the first derivative of 5/2*m**2 - m + 3 - f*m**3. Determine h(4).
-13
Let j = -87 + 89. Let u(p) = 2*p**2 + 0*p**3 - 3*p**2 - j - p**3 + 2*p**3 - p. Calculate u(2).
0
Suppose -67 = -9*a + 536. Let i = 59 - a. Let d(u) = -u - 7. Give d(i).
1
Suppose 5*k - 10 = -3*t - 2*t, 3*k - 4 = -2*t. Let u be (-2)/4*t*10/(-10). Let x(l) = -4*l**3 - l**2 + l. Calculate x(u).
-4
Let d(s) = -s**2 + 5*s + 2. Let n(f) = 9 - 25 + 8 + 10 - 6*f + f**2. Let p be n(4). Let b = p + 12. Calculate d(b).
-4
Suppose -6 = -6*z + 4*z. Suppose z*n + 0*n = 2*j, 3*j + 4*n = 0. Let h(g) = g**3 - g + 3. Give h(j).
3
Let s = 81 - 76. Let y(d) be the second derivative of -2*d**2 + 0 - 1/6*d**3 - 5*d. Calculate y(s).
-9
Let i(o) = 3*o - 6. Let w(q) = -q + 2. Let b = -1 - 1. Let l be w(b). Determine i(l).
6
Let y(h) = 2*h**3 + h**2 - 1. Let j be (160/(-10))/(0 - -1). Let c = j + 14. Let t(f) = f**2 + 3*f + 3. Let s be t(c). Determine y(s).
2
Let b(o) = 10*o - 2. Suppose 26*g = 5*g + 21. Determine b(g).
8
Let n(u) = 3*u + 4. Let o(t) = -14*t - 15. Let z(g) = -18*n(g) - 4*o(g). Give z(11).
10
Let v(k) = k**2 + 4*k + 4. Let u(h) be the first derivative of -h**3/3 + 15*h**2/2 - 6*h + 37. Let b be u(15). Determine v(b).
16
Let i(d) = d**2 + d - 1. Suppose -u - 3*g - 10 = g, 5*g + 4 = 3*u. Calculate i(u).
1
Let u(a) = -a - 17. Let y(j) = -5*j - 102. Let n be y(-19). Give u(n).
-10
Let p(w) = -2*w**2 - 3*w - 7. Let c be p(-2). Let f(z) = 2*z + 3. Determine f(c).
-15
Let z(q) be the first derivative of q**3/3 + 5*q**2/2 - 5*q - 2. Suppose -5*f + 2*m - 4 = 0, -2 = -f - 2*m + m. Suppose f = t + 2 + 4. Calculate z(t).
1
Let p(v) = -v - 1. Let m be p(4). Let n(f) = -1. Let k(g) = -2*g + 6. Let o(z) = m*n(z) - k(z). Suppose -4*t = -3*l + 23, 16*t + 5*l = 11*t + 15. Give o(t).
-5
Let p(n) = n**3 - 7*n**2 + 5*n + 3. Let z = -13 + 13. Suppose -2*g + x + 61 = 0, -5*g - 4*x + 6*x + 153 = z. Suppose 0 = -3*j - 13 + g. Determine p(j).
-3
Suppose 0 = k - 2*k + 2. Let h(m) be the third derivative of 0 + 0*m - 28*m**2 - 1/2*m**3 + 1/60*m**5 + 1/12*m**4. Determine h(k).
5
Let h(g) = -344*g + 685*g - 339*g. Give h(1).
2
Let v(j) be the second derivative of -j**6/180 - j**5/120 - 4*j**3/3 - 30*j. Let a(p) be the second derivative of v(p). Determine a(-1).
-1
Suppose 4*q - 4*m + 22 = q, 3*m - 14 = q. Let w(l) = 2*l + 0*l**2 - 31 + 8 + 24 + 2*l**2. Give w(q).
5
Let y(b) = 333*b - 166*b - 168*b - 5. Calculate y(-7).
2
Let x be 3 + (1 + -1)/(-3). Suppose 4 = x*k - 4*k. Let m be 1*k*(-6)/(-8). Let d(j) = 5*j + 3. Give d(m).
-12
Let m(y) = y**2 + 12*y - 13. Let c be (-1256)/96 + 1/12. What is m(c)?
0
Let d be 6/(-4)*4*52/(-78). Let a(w) be the first derivative of -w**2 + 1. Give a(d).
-8
Let k(u) = -u - 8. Suppose 3*d - 5*r - 9 = -d, 5*d + 3*r = -35. Determine k(d).
-4
Suppose q - 9 = -0*q. Suppose 3*b - 3*x - q = 0, -2*x + x = 3. Let z(l) = -62*l + l**2 - l**2 + l**2 - 7 + 63*l. Give z(b).
-7
Let x(s) = 4*s + 7. Let h(n) = -3*n - 6. Let o(a) = 5*h(a) + 4*x(a). Determine o(4).
2
Let q(s) = 4*s + 28. Let r(p) = 95*p - 8. Let f be r(0). Give q(f).
-4
Let m(q) = -q**2 - 14*q - 38. Let z be m(-10). Let s(o) be the second derivative of 6*o + 0 + 2*o**z - 1/2*o**3 + 1/12*o**4. Determine s(3).
4
Let a(o) be the first derivative of o**2/2 - 2*o - 59. Let s be (4/(-6))/(1/(-3)). Determine a(s).
0
Let n be 24/3 + 3 + 3. Let i = 16 - n. Let m(j) = -3 - 2*j**i + j**2 - 6*j + 2*j**2 - 2*j**2. What is m(-4)?
5
Let f be 1/(-4*4/(-112)). Suppose f*b - 3*b - 8 = 0. Let v(q) = -q**2 + b*q + 16*q - 11*q. What is v(6)?
6
Let o(h) = -9*h + 3. Suppose -2*w + 3*l = -21, -4*w - 2 = -8*w - 2*l. Calculate o(w).
-24
Let c(t) = 55*t**2 - 4*t + 9. Let r(b) = -58*b**2 + 5*b - 11. Let h(u) = 5*c(u) + 4*r(u). Determine h(-1).
44
Let o(s) = -s**2 - 8*s - 6. Let z(q) = -q + 8. Suppose -6*i + 98 = 20. Let a be z(i). What is o(a)?
9
Let y(j) be the first derivative of -2*j**2 - 3*j + 1. Let d = -356 - -360. Calculate y(d).
-19
Let i = 21 + -16. Let v(w) = -63 + w**2 + 36 + 31 - i*w. Give v(3).
-2
Let b(l) be the second derivative of -l**3/6 - 3*l**2 - l + 389. Give b(5).
-11
Let v(x) = -3*x**3 - 6 - 2*x**3 + 0*x**3 + 4*x**3 - 8*x - 4*x**2 + 13*x**2. Calculate v(8).
-6
Let x be (-351)/520*8/6 - -1. Let k(n) be the third derivative of 1/120*n**6 - x*n**5 - 5/24*n**4 + 11*n**2 - 5/3*n**3 + 0 + 0*n. Give k(7).
4
Let d(k) = 265 - 140 - 135. Let j(i) = 3*i + 40. Let a(p) = 2*p + 27. Let z(t) = -7*a(t) + 5*j(t). Let r(f) = -4*d(f) - 3*z(f). Determine r(5).
-8
Suppose 3*q = b + 24, 5*q - 88*b = -92*b + 40. Let s(z) be the second derivative of -z**5/20 + 7*z**4/12 + 5*z**3/3 - 3*z**2/2 + 2*z. Give s(q).
13
Let n(m) = 12*m - 1. Suppose 22